iple of 1466?
False
Does 1664 divide 1066624?
True
Is 23114544 a multiple of 1578?
True
Does 350 divide 140350?
True
Is 817306 a multiple of 7?
True
Does 81 divide 14557687?
False
Is 2572200 a multiple of 22?
False
Is 6716971 a multiple of 10?
False
Is 91588 a multiple of 81?
False
Does 21 divide 1210818?
True
Does 132 divide 371092?
False
Is 5670620 a multiple of 97?
True
Does 16 divide 4459440?
True
Is 878748 a multiple of 646?
False
Is 233 a factor of 507210?
False
Is 160572 a multiple of 4?
True
Is 9956 a multiple of 16?
False
Is 238 a factor of 339150?
True
Is 58084 a multiple of 8?
False
Does 10 divide 893?
False
Is 36 a factor of 8323632?
True
Is 30 a factor of 123282?
False
Is 231 a factor of 802032?
True
Is 704630 a multiple of 155?
True
Is 5 a factor of 22755?
True
Is 166 a factor of 1007288?
True
Is 49701 a multiple of 17?
False
Is 394726 a multiple of 23?
True
Is 199 a factor of 2988184?
True
Is 4027742 a multiple of 1784?
False
Is 128 a factor of 52864?
True
Is 189 a factor of 5968053?
True
Is 21 a factor of 20091?
False
Is 17787 a multiple of 20?
False
Is 74 a factor of 2330497?
False
Does 82 divide 760878?
True
Does 2 divide 50730?
True
Is 111 a factor of 50610?
False
Is 92582 a multiple of 49?
False
Is 109890 a multiple of 90?
True
Is 64 a factor of 153332?
False
Is 636678 a multiple of 434?
True
Is 201902 a multiple of 10?
False
Does 119 divide 50575?
True
Is 441 a factor of 7805207?
False
Does 767 divide 11787866?
False
Is 190632 a multiple of 52?
True
Does 265 divide 372060?
True
Is 53 a factor of 599960?
True
Does 37 divide 335660?
False
Does 259 divide 238717?
False
Is 548388 a multiple of 36?
True
Is 216 a factor of 797396?
False
Is 395643 even?
False
Is 20850 a multiple of 5?
True
Is 171918 a multiple of 13?
False
Is 20396 even?
True
Is 291390 a multiple of 142?
False
Is 53361 a multiple of 21?
True
Is 63870 a multiple of 15?
True
Is 8071225 a multiple of 12?
False
Is 908 a factor of 163572?
False
Does 32 divide 780512?
True
Is 21 a factor of 19963230?
True
Is 40 a factor of 1439600?
True
Does 16 divide 349376?
True
Is 523620 a multiple of 125?
False
Is 16 a factor of 282752?
True
Does 91 divide 422877?
True
Is 226551 a multiple of 13?
True
Does 129 divide 30166650?
True
Does 16 divide 323505?
False
Is 6155898 a multiple of 103?
True
Is 1924256 a multiple of 32?
True
Is 128703 a multiple of 11?
False
Is 4537281 a multiple of 15?
False
Is 188 a factor of 220582?
False
Does 86 divide 1341084?
True
Does 13 divide 94770?
True
Does 9 divide 836753?
False
Does 168 divide 206117?
False
Is 6046146 a multiple of 318?
False
Is 3300723 a multiple of 1386?
False
Does 247 divide 32428947?
False
Does 35 divide 2804760?
True
Is 142 a factor of 268948?
True
Does 298 divide 7746491?
False
Is 85578 a multiple of 6?
True
Does 154 divide 116577?
False
Is 48744 a multiple of 18?
True
Is 109 a factor of 120118?
True
Does 147 divide 426741?
True
Does 7 divide 3352570?
False
Is 123060 a multiple of 10?
True
Is 201 a factor of 245421?
True
Does 48 divide 1315200?
True
Does 17 divide 557906?
True
Is 1123376 a multiple of 488?
True
Is 202 a factor of 904596?
False
Does 621 divide 1677942?
True
Is 26339 a multiple of 2?
False
Does 213 divide 455595?
False
Does 562 divide 17699340?
False
Is 241469 a multiple of 133?
False
Does 114 divide 1986692?
False
Is 1897659 a multiple of 157?
True
Does 241 divide 1438047?
True
Does 382 divide 3351286?
True
Is 740050 a multiple of 82?
True
Is 1936590 a multiple of 15?
True
Does 11 divide 399764?
False
Is 184 a factor of 925704?
True
Is 133987 a multiple of 51?
False
Is 141 a factor of 496544?
False
Is 149210 a multiple of 43?
True
Is 436477 a multiple of 146?
False
Is 1773477 a multiple of 651?
False
Is 3884386 a multiple of 4?
False
Is 166164 a multiple of 122?
True
Does 5 divide 10450832?
False
Is 708384 a multiple of 48?
True
Is 1227445 a multiple of 11?
False
Is 209999 a multiple of 67?
False
Does 410 divide 4084010?
True
Is 913380 a multiple of 26?
True
Is 108402 even?
True
Is 37 a factor of 1735?
False
Is 2740218 a multiple of 26?
True
Does 17 divide 3764343?
False
Does 282 divide 11352066?
False
Does 33 divide 856977?
True
Is 1231562 a multiple of 23?
False
Is 113 a factor of 98057?
False
Does 37 divide 1168109?
False
Is 32 a factor of 45632?
True
Is 11 a factor of 8817?
False
Is 14499 a multiple of 20?
False
Is 1606 a factor of 15502718?
True
Is 24 a factor of 44256?
True
Is 7320 a multiple of 72?
False
Does 272 divide 1835546?
False
Is 56746 a multiple of 4?
False
Is 136290 a multiple of 14?
True
Is 146 a factor of 165564?
True
Is 1773920 a multiple of 20?
True
Does 62 divide 1883051?
False
Is 428359 a multiple of 29?
True
Is 16 a factor of 141488?
True
Does 255 divide 26010?
True
Is 871 a factor of 1208290?
False
Is 75 a factor of 15442347?
False
Is 3304156 a multiple of 27?
False
Is 85073 a multiple of 62?
False
Is 124071 a multiple of 94?
False
Does 75 divide 235601?
False
Is 1065 a factor of 22450713?
False
Is 245 a factor of 42630?
True
Is 51731 a multiple of 179?
True
Is 304220 a multiple of 212?
True
Is 28650 even?
True
Does 7 divide 223104?
True
Is 4172429 a multiple of 500?
False
Is 16 a factor of 2284816?
True
Does 622 divide 2413870?
False
Is 3 a factor of 131688?
True
Is 8 a factor of 90612?
False
Is 153 a factor of 2410209?
True
Is 2439685 a multiple of 5?
True
Does 314 divide 8643478?
True
Is 13 a factor of 1802671?
True
Does 8 divide 28837?
False
Does 341 divide 33759?
True
Is 11927 even?
False
Does 15 divide 3851506?
False
Is 3015944 a multiple of 46?
True
Is 106492 a multiple of 316?
True
Is 2688 a multiple of 12?
True
Is 1994969 a multiple of 19?
False
Is 49 a factor of 5157593?
True
Does 88 divide 1520200?
True
Does 281 divide 772058?
False
Does 53 divide 23092?
False
Is 91 a factor of 44878?
False
Does 192 divide 144576?
True
Is 32 a factor of 125093?
False
Does 2 divide 35209?
False
Is 206565 a multiple of 47?
True
Does 26 divide 205521?
False
Does 407 divide 164627?
False
Does 18 divide 24685449?
False
Is 39 a factor of 492388?
False
Does 12 divide 2053728?
True
Does 9 divide 36666?
True
Does 8 divide 919736?
True
Does 22 divide 1705231?
False
Is 3 a factor of 319590?
True
Is 201213 a multiple of 22?
False
Does 23 divide 16269878?
True
Does 19 divide 255648?
False
Is 25413 a multiple of 89?
False
Is 478034 a multiple of 18?
False
Does 182 divide 67522?
True
Does 149 divide 102358?
False
Does 13 divide 3848744?
False
Is 17 a factor of 420886?
True
Is 38 a factor of 585200?
True
Is 470262 a multiple of 45?
False
Does 116 divide 4165212?
True
Is 467388 a multiple of 228?
False
Does 11 divide 422455?
True
Does 5 divide 406245?
True
Does 15 divide 8530154?
False
Is 21 a factor of 51303?
True
Is 2744959 a multiple of 271?
True
Is 1068614 a multiple of 18?
False
Is 48 a factor of 1625994?
False
Does 41 divide 37761?
True
Is 56988 a multiple of 5?
False
Is 508 a factor of 4097838?
False
Does 40 divide 723728?
False
Is 564126 a multiple of 123?
False
Is 565497 a multiple of 8?
False
Is 166 a factor of 404044?
True
Does 8 divide 617?
False
Is 199 a factor of 5145107?
False
Is 350544 a multiple of 16?
True
Is 302 a factor of 4786694?
False
Is 150742 a multiple of 46?
True
Is 370 a factor of 5424084?
False
Does 27 divide 1986961?
False
Is 87346 a multiple of 6?
False
Is 41 a factor of 725126?
True
Is 4454284 a multiple of 1786?
True
Is 1572887 a multiple of 25?
False
Does 12 divide 457429?
False
Is 326142 a multiple of 268?
False
Is 101 a factor of 11976378?
True
Is 6 a factor of 1008627?
False
Is 1050840 a multiple of 28?
True
Is 65023 a multiple of 16?
False
Does 269 divide 1134642?
True
Is 93 a factor of 308435?
False
Is 267 a factor of 1474641?
True
Does 726 divide 848694?
True
Does 46 divide 2403178?
True
Is 46 a factor of 2162453?
False
Is 9 a factor of 3359581?
False
Is 737 a factor of 14245363?
False
Is 954 a factor of 1141938?
True
Is 34 a factor of 507528?
False
Is 1267 a factor of 3038266?
True
Does 14 divide 901432?
True
Does 8 divide 450424?
True
Does 461 divide 4020381?
True
Does 217 divide 300111?
True
Is 9 a factor of 7263?
True
Does 31 divide 793?
False
Is 6185971 a multiple of 28?
False
Is 2601723 a multiple of 4?
False
Is 35 a factor of 773576?
False
Is 71 a factor of 